{"id":4390,"date":"2023-03-07T13:07:16","date_gmt":"2023-03-07T12:07:16","guid":{"rendered":"https:\/\/gruppobdm.eu\/?page_id=4390"},"modified":"2026-01-09T14:45:19","modified_gmt":"2026-01-09T14:45:19","slug":"lavora-con-noi","status":"publish","type":"page","link":"https:\/\/gruppobdm.eu\/index.php\/lavora-con-noi\/","title":{"rendered":"Lavora con Noi"},"content":{"rendered":"<div class=\"wpb-content-wrapper\"><p>[vc_row][vc_column][vc_column_text]<\/p>\r\n<p>Le persone che lavorano nel Gruppo rappresentano un patrimonio di <strong>competenze<\/strong> ed <strong>esperienze<\/strong> imprescindibile per la conduzione e l\u2019evoluzione dei nostri business. Riteniamo quindi fondamentale che ognuno sia messo in condizione di accedere al percorso di arricchimento professionale pi\u00f9 vicino alle sue capacit\u00e0 e alla sua motivazione.<\/p>\r\n<p>Vogliamo far s\u00ec che le persone aderiscano alla nostra squadra partecipando in prima persona con <strong>responsabilit\u00e0 <\/strong>e <strong>coinvolgimento<\/strong>, comportandosi <strong>eticamente<\/strong> e garantendo <strong>centralit\u00e0 del cliente<\/strong>, <strong>qualit\u00e0 del servizio<\/strong> e <strong>tensione verso i risultati<\/strong>.<\/p>\r\n<p>Per raggiungere l\u2019obiettivo dello sviluppo di tutte le nostre persone, mettiamo a disposizione un insieme di <strong>interventi articolati ed integrati<\/strong> che le accompagnano nella loro crescita professionale in relazione alle necessit\u00e0 aziendali.<\/p>\r\n<p>[\/vc_column_text][\/vc_column][\/vc_row][vc_row][vc_column][vc_column_text text_style=&#8221;leader-text&#8221; animation=&#8221;eut-fade-in&#8221;]<\/p>\r\n<h4 class=\"has-text-align-left wp-block-heading\"><span style=\"color: #008000;\">Inviaci la tua candidatura<\/span><\/h4>\r\n<h3><\/h3>\r\n<p>[\/vc_column_text][\/vc_column][\/vc_row][vc_row][vc_column]\n<div class=\"wpcf7 no-js\" id=\"wpcf7-f4411-o1\" lang=\"it-IT\" dir=\"ltr\" data-wpcf7-id=\"4411\">\n<div class=\"screen-reader-response\"><p role=\"status\" aria-live=\"polite\" aria-atomic=\"true\"><\/p> <ul><\/ul><\/div>\n<form action=\"\/index.php\/wp-json\/wp\/v2\/pages\/4390#wpcf7-f4411-o1\" method=\"post\" class=\"wpcf7-form init\" aria-label=\"Modulo di contatto\" enctype=\"multipart\/form-data\" novalidate=\"novalidate\" data-status=\"init\">\n<fieldset class=\"hidden-fields-container\"><input type=\"hidden\" name=\"_wpcf7\" value=\"4411\" \/><input type=\"hidden\" name=\"_wpcf7_version\" value=\"6.1.5\" \/><input type=\"hidden\" name=\"_wpcf7_locale\" value=\"it_IT\" \/><input type=\"hidden\" name=\"_wpcf7_unit_tag\" value=\"wpcf7-f4411-o1\" \/><input type=\"hidden\" name=\"_wpcf7_container_post\" value=\"0\" \/><input type=\"hidden\" name=\"_wpcf7_posted_data_hash\" value=\"\" \/><input type=\"hidden\" name=\"_wpcf7_recaptcha_response\" value=\"\" \/>\n<\/fieldset>\n<p><label> Posizioni Aperte*<br \/>\n<span class=\"wpcf7-form-control-wrap\" data-name=\"Posizioni\"><select class=\"wpcf7-form-control wpcf7-select wpcf7-validates-as-required Prova\" aria-required=\"true\" aria-invalid=\"false\" name=\"Posizioni\"><option value=\"\"><\/option><option value=\"Geometra di Cantiere\">Geometra di Cantiere<\/option><option value=\"Responsabile Ufficio Acquisti\">Responsabile Ufficio Acquisti<\/option><option value=\"Operaio - Manovale\">Operaio - Manovale<\/option><\/select><\/span> <\/label>\n<\/p>\n<p><label> Nome*<br \/>\n<span class=\"wpcf7-form-control-wrap\" data-name=\"your-name\"><input size=\"40\" maxlength=\"400\" class=\"wpcf7-form-control wpcf7-text wpcf7-validates-as-required\" autocomplete=\"name\" aria-required=\"true\" aria-invalid=\"false\" value=\"\" type=\"text\" name=\"your-name\" \/><\/span> <\/label>\n<\/p>\n<p><label> Cognome*<br \/>\n<span class=\"wpcf7-form-control-wrap\" data-name=\"your-surname\"><input size=\"40\" maxlength=\"400\" class=\"wpcf7-form-control wpcf7-text wpcf7-validates-as-required\" autocomplete=\"name\" aria-required=\"true\" aria-invalid=\"false\" value=\"\" type=\"text\" name=\"your-surname\" \/><\/span> <\/label>\n<\/p>\n<p><label> E-mail*<br \/>\n<span class=\"wpcf7-form-control-wrap\" data-name=\"your-email\"><input size=\"40\" maxlength=\"400\" class=\"wpcf7-form-control wpcf7-email wpcf7-validates-as-required wpcf7-text wpcf7-validates-as-email\" autocomplete=\"email\" aria-required=\"true\" aria-invalid=\"false\" value=\"\" type=\"email\" name=\"your-email\" \/><\/span> <\/label>\n<\/p>\n<p><label> Telefono*<br \/>\n<span class=\"wpcf7-form-control-wrap\" data-name=\"tel-591\"><input size=\"40\" maxlength=\"400\" class=\"wpcf7-form-control wpcf7-tel wpcf7-validates-as-required wpcf7-text wpcf7-validates-as-tel\" aria-required=\"true\" aria-invalid=\"false\" value=\"\" type=\"tel\" name=\"tel-591\" \/><\/span><br \/>\n<\/label> Curiculum vitaee<br \/>\n<span class=\"wpcf7-form-control-wrap\" data-name=\"allegato\"><input size=\"40\" class=\"wpcf7-form-control wpcf7-file\" accept=\".jpg,.png,.pdf\" aria-invalid=\"false\" type=\"file\" name=\"allegato\" \/><\/span>\n<\/p>\n<p><label> NOTE (opzionale)<br \/>\n<span class=\"wpcf7-form-control-wrap\" data-name=\"your-message\"><textarea cols=\"40\" rows=\"10\" maxlength=\"2000\" class=\"wpcf7-form-control wpcf7-textarea\" aria-invalid=\"false\" name=\"your-message\"><\/textarea><\/span> <\/label>\n<\/p>\n<p><input class=\"wpcf7-form-control wpcf7-submit has-spinner\" type=\"submit\" value=\"INVIA\" \/>\n<\/p><div class=\"wpcf7-response-output\" aria-hidden=\"true\"><\/div>\n<\/form>\n<\/div>\n[\/vc_column][\/vc_row]<\/p><\/div>","protected":false},"excerpt":{"rendered":"<p>[vc_row][vc_column][vc_column_text] Le persone che lavorano nel Gruppo rappresentano un patrimonio di competenze ed esperienze imprescindibile per la conduzione e l\u2019evoluzione dei nostri business. Riteniamo quindi fondamentale che ognuno sia messo in condizione di accedere al percorso di arricchimento professionale pi\u00f9 vicino alle sue capacit\u00e0 e alla sua motivazione. Vogliamo far s\u00ec che le persone aderiscano [&hellip;]<\/p>\n","protected":false},"author":1,"featured_media":0,"parent":0,"menu_order":0,"comment_status":"closed","ping_status":"closed","template":"","meta":{"footnotes":""},"class_list":["post-4390","page","type-page","status-publish","hentry"],"yoast_head":"<!-- This site is optimized with the Yoast SEO plugin v26.6 - https:\/\/yoast.com\/wordpress\/plugins\/seo\/ -->\n<title>Lavora con noi \u2013 Opportunit\u00e0 di Carriera | BDM Group<\/title>\n<meta name=\"description\" content=\"Scopri le opportunit\u00e0 di lavoro in BDM Group. Invia subito la tua candidatura per posizioni in impianti tecnologici, manutenzione e sicurezza.\" \/>\n<meta name=\"robots\" content=\"index, follow, max-snippet:-1, max-image-preview:large, max-video-preview:-1\" \/>\n<link rel=\"canonical\" href=\"https:\/\/gruppobdm.eu\/index.php\/lavora-con-noi\/\" \/>\n<meta property=\"og:locale\" content=\"it_IT\" \/>\n<meta property=\"og:type\" content=\"article\" \/>\n<meta property=\"og:title\" content=\"Lavora con noi \u2013 Opportunit\u00e0 di Carriera | BDM Group\" \/>\n<meta property=\"og:description\" content=\"Scopri le opportunit\u00e0 di lavoro in BDM Group. Invia subito la tua candidatura per posizioni in impianti tecnologici, manutenzione e sicurezza.\" \/>\n<meta property=\"og:url\" content=\"https:\/\/gruppobdm.eu\/index.php\/lavora-con-noi\/\" \/>\n<meta property=\"og:site_name\" content=\"BDM Group Srl\" \/>\n<meta property=\"article:publisher\" content=\"https:\/\/www.facebook.com\/bdmgroupsrl\" \/>\n<meta property=\"article:modified_time\" content=\"2026-01-09T14:45:19+00:00\" \/>\n<meta name=\"twitter:card\" content=\"summary_large_image\" \/>\n<meta name=\"twitter:label1\" content=\"Tempo di lettura stimato\" \/>\n\t<meta name=\"twitter:data1\" content=\"1 minuto\" \/>\n<script type=\"application\/ld+json\" class=\"yoast-schema-graph\">{\"@context\":\"https:\/\/schema.org\",\"@graph\":[{\"@type\":\"WebPage\",\"@id\":\"https:\/\/gruppobdm.eu\/index.php\/lavora-con-noi\/\",\"url\":\"https:\/\/gruppobdm.eu\/index.php\/lavora-con-noi\/\",\"name\":\"Lavora con noi \u2013 Opportunit\u00e0 di Carriera | BDM Group\",\"isPartOf\":{\"@id\":\"https:\/\/gruppobdm.eu\/#website\"},\"datePublished\":\"2023-03-07T12:07:16+00:00\",\"dateModified\":\"2026-01-09T14:45:19+00:00\",\"description\":\"Scopri le opportunit\u00e0 di lavoro in BDM Group. Invia subito la tua candidatura per posizioni in impianti tecnologici, manutenzione e sicurezza.\",\"breadcrumb\":{\"@id\":\"https:\/\/gruppobdm.eu\/index.php\/lavora-con-noi\/#breadcrumb\"},\"inLanguage\":\"it-IT\",\"potentialAction\":[{\"@type\":\"ReadAction\",\"target\":[\"https:\/\/gruppobdm.eu\/index.php\/lavora-con-noi\/\"]}]},{\"@type\":\"BreadcrumbList\",\"@id\":\"https:\/\/gruppobdm.eu\/index.php\/lavora-con-noi\/#breadcrumb\",\"itemListElement\":[{\"@type\":\"ListItem\",\"position\":1,\"name\":\"Home\",\"item\":\"https:\/\/gruppobdm.eu\/\"},{\"@type\":\"ListItem\",\"position\":2,\"name\":\"Lavora con Noi\"}]},{\"@type\":\"WebSite\",\"@id\":\"https:\/\/gruppobdm.eu\/#website\",\"url\":\"https:\/\/gruppobdm.eu\/\",\"name\":\"BDM Group Srl\",\"description\":\"Costruttori dal 1988\",\"publisher\":{\"@id\":\"https:\/\/gruppobdm.eu\/#organization\"},\"potentialAction\":[{\"@type\":\"SearchAction\",\"target\":{\"@type\":\"EntryPoint\",\"urlTemplate\":\"https:\/\/gruppobdm.eu\/?s={search_term_string}\"},\"query-input\":{\"@type\":\"PropertyValueSpecification\",\"valueRequired\":true,\"valueName\":\"search_term_string\"}}],\"inLanguage\":\"it-IT\"},{\"@type\":\"Organization\",\"@id\":\"https:\/\/gruppobdm.eu\/#organization\",\"name\":\"BDM Group Srl\",\"url\":\"https:\/\/gruppobdm.eu\/\",\"logo\":{\"@type\":\"ImageObject\",\"inLanguage\":\"it-IT\",\"@id\":\"https:\/\/gruppobdm.eu\/#\/schema\/logo\/image\/\",\"url\":\"https:\/\/gruppobdm.eu\/wp-content\/uploads\/2024\/02\/Risorsa-1o.png\",\"contentUrl\":\"https:\/\/gruppobdm.eu\/wp-content\/uploads\/2024\/02\/Risorsa-1o.png\",\"width\":311,\"height\":338,\"caption\":\"BDM Group Srl\"},\"image\":{\"@id\":\"https:\/\/gruppobdm.eu\/#\/schema\/logo\/image\/\"},\"sameAs\":[\"https:\/\/www.facebook.com\/bdmgroupsrl\",\"https:\/\/www.linkedin.com\/company\/bdm-group-srl\/\",\"https:\/\/www.instagram.com\/bdmgroupsrl_\/?igshid=YmMyMTA2M2Y\"]}]}<\/script>\n<!-- \/ Yoast SEO plugin. -->","yoast_head_json":{"title":"Lavora con noi \u2013 Opportunit\u00e0 di Carriera | BDM Group","description":"Scopri le opportunit\u00e0 di lavoro in BDM Group. Invia subito la tua candidatura per posizioni in impianti tecnologici, manutenzione e sicurezza.","robots":{"index":"index","follow":"follow","max-snippet":"max-snippet:-1","max-image-preview":"max-image-preview:large","max-video-preview":"max-video-preview:-1"},"canonical":"https:\/\/gruppobdm.eu\/index.php\/lavora-con-noi\/","og_locale":"it_IT","og_type":"article","og_title":"Lavora con noi \u2013 Opportunit\u00e0 di Carriera | BDM Group","og_description":"Scopri le opportunit\u00e0 di lavoro in BDM Group. Invia subito la tua candidatura per posizioni in impianti tecnologici, manutenzione e sicurezza.","og_url":"https:\/\/gruppobdm.eu\/index.php\/lavora-con-noi\/","og_site_name":"BDM Group Srl","article_publisher":"https:\/\/www.facebook.com\/bdmgroupsrl","article_modified_time":"2026-01-09T14:45:19+00:00","twitter_card":"summary_large_image","twitter_misc":{"Tempo di lettura stimato":"1 minuto"},"schema":{"@context":"https:\/\/schema.org","@graph":[{"@type":"WebPage","@id":"https:\/\/gruppobdm.eu\/index.php\/lavora-con-noi\/","url":"https:\/\/gruppobdm.eu\/index.php\/lavora-con-noi\/","name":"Lavora con noi \u2013 Opportunit\u00e0 di Carriera | BDM Group","isPartOf":{"@id":"https:\/\/gruppobdm.eu\/#website"},"datePublished":"2023-03-07T12:07:16+00:00","dateModified":"2026-01-09T14:45:19+00:00","description":"Scopri le opportunit\u00e0 di lavoro in BDM Group. Invia subito la tua candidatura per posizioni in impianti tecnologici, manutenzione e sicurezza.","breadcrumb":{"@id":"https:\/\/gruppobdm.eu\/index.php\/lavora-con-noi\/#breadcrumb"},"inLanguage":"it-IT","potentialAction":[{"@type":"ReadAction","target":["https:\/\/gruppobdm.eu\/index.php\/lavora-con-noi\/"]}]},{"@type":"BreadcrumbList","@id":"https:\/\/gruppobdm.eu\/index.php\/lavora-con-noi\/#breadcrumb","itemListElement":[{"@type":"ListItem","position":1,"name":"Home","item":"https:\/\/gruppobdm.eu\/"},{"@type":"ListItem","position":2,"name":"Lavora con Noi"}]},{"@type":"WebSite","@id":"https:\/\/gruppobdm.eu\/#website","url":"https:\/\/gruppobdm.eu\/","name":"BDM Group Srl","description":"Costruttori dal 1988","publisher":{"@id":"https:\/\/gruppobdm.eu\/#organization"},"potentialAction":[{"@type":"SearchAction","target":{"@type":"EntryPoint","urlTemplate":"https:\/\/gruppobdm.eu\/?s={search_term_string}"},"query-input":{"@type":"PropertyValueSpecification","valueRequired":true,"valueName":"search_term_string"}}],"inLanguage":"it-IT"},{"@type":"Organization","@id":"https:\/\/gruppobdm.eu\/#organization","name":"BDM Group Srl","url":"https:\/\/gruppobdm.eu\/","logo":{"@type":"ImageObject","inLanguage":"it-IT","@id":"https:\/\/gruppobdm.eu\/#\/schema\/logo\/image\/","url":"https:\/\/gruppobdm.eu\/wp-content\/uploads\/2024\/02\/Risorsa-1o.png","contentUrl":"https:\/\/gruppobdm.eu\/wp-content\/uploads\/2024\/02\/Risorsa-1o.png","width":311,"height":338,"caption":"BDM Group Srl"},"image":{"@id":"https:\/\/gruppobdm.eu\/#\/schema\/logo\/image\/"},"sameAs":["https:\/\/www.facebook.com\/bdmgroupsrl","https:\/\/www.linkedin.com\/company\/bdm-group-srl\/","https:\/\/www.instagram.com\/bdmgroupsrl_\/?igshid=YmMyMTA2M2Y"]}]}},"_links":{"self":[{"href":"https:\/\/gruppobdm.eu\/index.php\/wp-json\/wp\/v2\/pages\/4390","targetHints":{"allow":["GET"]}}],"collection":[{"href":"https:\/\/gruppobdm.eu\/index.php\/wp-json\/wp\/v2\/pages"}],"about":[{"href":"https:\/\/gruppobdm.eu\/index.php\/wp-json\/wp\/v2\/types\/page"}],"author":[{"embeddable":true,"href":"https:\/\/gruppobdm.eu\/index.php\/wp-json\/wp\/v2\/users\/1"}],"replies":[{"embeddable":true,"href":"https:\/\/gruppobdm.eu\/index.php\/wp-json\/wp\/v2\/comments?post=4390"}],"version-history":[{"count":2,"href":"https:\/\/gruppobdm.eu\/index.php\/wp-json\/wp\/v2\/pages\/4390\/revisions"}],"predecessor-version":[{"id":5642,"href":"https:\/\/gruppobdm.eu\/index.php\/wp-json\/wp\/v2\/pages\/4390\/revisions\/5642"}],"wp:attachment":[{"href":"https:\/\/gruppobdm.eu\/index.php\/wp-json\/wp\/v2\/media?parent=4390"}],"curies":[{"name":"wp","href":"https:\/\/api.w.org\/{rel}","templated":true}]}}